244
Let y(d) = -23*d - 106. What is y(-5)?
9
Let v(n) = n**2 - 8*n - 68. Give v(-5).
-3
Let t(l) = -9171*l + 82538. Determine t(9).
-1
Let j(o) = -152*o + 163. Give j(3).
-293
Let a(i) = 7*i**2 + 131*i - 394. Give a(3).
62
Let n(k) = -k**3 + 241*k**2 - 722*k + 1903. Calculate n(238).
-1
Let h(r) = -248*r + 3353. Determine h(12).
377
Let t(h) = 10*h + 137. What is t(18)?
317
Let n(t) = -47*t**3 - 47*t**2 - 39*t + 7. What is n(-1)?
46
Let c(y) = -y**3 + 232*y**2 + 398*y - 38439. Calculate c(233).
6
Let o(q) = 2*q**3 + 165*q**2 + 247*q - 99. Give o(-81).
-423
Let y(i) = 2*i**3 - 8*i**2 - 16*i + 36. Determine y(6).
84
Let y(w) = -343*w + 3470. Calculate y(9).
383
Let j(q) = 45*q + 5642. Calculate j(-125).
17
Let u(f) = 16*f + 19. Give u(-2).
-13
Let k(t) = -t**3 + 28*t**2 - 48*t + 46. Give k(26).
150
Let g(h) = 1535*h + 142759. Calculate g(-93).
4
Let r(t) = -333*t + 999. What is r(3)?
0
Let v(x) = -45*x - 2108. Give v(-47).
7
Let a(b) = b**2 + 72*b + 598. What is a(-45)?
-617
Let o(b) = 22*b**2 - 14. What is o(-4)?
338
Let q(m) = 16*m**3 - 79*m**2 - 9*m + 37. Calculate q(5).
17
Let a(l) = -l**2 - 48*l - 539. Calculate a(-30).
1
Let c(f) = -f**3 - 5*f**2 + 13*f + 3. Calculate c(-5).
-62
Let j(w) = w**3 - 134*w**2 - 169*w + 4593. What is j(135)?
3
Let j(k) = 40*k - 3372. What is j(81)?
-132
Let f(d) = 8*d**2 + 619*d + 221. What is f(-77)?
-10
Let i(r) = -65*r**2 + 14*r + 36. What is i(-2)?
-252
Let k(n) = -9*n**2 + n - 3. Give k(-2).
-41
Let j(c) = 2*c**2 + 375*c + 1283. What is j(-184)?
-5
Let s(p) = 91*p + 6742. Determine s(-74).
8
Let p(k) = 308*k - 602. Calculate p(3).
322
Let o(l) = -l**3 + 12*l**2 - 41*l + 261. Give o(9).
135
Let r(k) = k**2 - 68*k + 486. Give r(63).
171
Let n(v) = 439*v + 5. Give n(0).
5
Let u(f) = f + 41. Determine u(13).
54
Let f(i) = i**3 - 41*i**2 + 25*i - 480. Give f(41).
545
Let b(l) = 25*l + 62. Give b(16).
462
Let h(b) = -14*b**2 - 23*b - 40. Calculate h(-2).
-50
Let c(l) = l**3 - 11*l**2 - 15*l + 69. Calculate c(10).
-181
Let j(p) = -p**2 + 22*p + 140. Determine j(-5).
5
Let l(a) = 7*a - 288. What is l(34)?
-50
Let n(f) = -3*f**3 - 100*f**2 - 15*f + 61. Give n(-33).
-533
Let v(n) = -114*n - 2609. Determine v(-23).
13
Let w(r) = 3*r**2 + 2*r - 41. What is w(-5)?
24
Let p(v) = -141*v + 1730. Give p(13).
-103
Let k(c) = -55*c**2 - 2641*c - 27. What is k(-48)?
21
Let u(y) = y**3 - 261*y**2 - 7771*y - 1449. Give u(288).
-9
Let o(i) = 3*i**3 + 125*i**2 - 39*i + 140. Calculate o(-42).
14
Let p(u) = -130*u - 3371. Give p(-26).
9
Let z(q) = -79*q - 1377. Calculate z(-17).
-34
Let v(y) = -100*y**2 - 1700*y + 10. What is v(-17)?
10
Let p(w) = -22*w**3 - 3*w**2 - 198*w - 197. Determine p(-1).
20
Let k(a) = -14*a + 19. What is k(7)?
-79
Let h(v) = 2*v**3 - 33*v**2 - 8*v - 27. Give h(17).
126
Let w(r) = 58*r - 5793. Determine w(103).
181
Let x(t) = -t**2 + 18*t + 298. Calculate x(37).
-405
Let c(m) = -180*m + 34. Give c(1).
-146
Let n(h) = h**3 - 11*h**2 + 24*h - 56. Give n(9).
-2
Let r(m) = -8*m**2 + 295*m + 83. What is r(35)?
608
Let u(w) = 720*w - 12960. What is u(18)?
0
Let c(d) = 15*d**2 + 14*d - 50. Give c(4).
246
Let y(t) = -196*t - 981. Give y(-6).
195
Let n(x) = 2*x**2 - 73*x + 6. Give n(36).
-30
Let r(f) = -f**3 - 17*f**2 + 37*f - 16. Give r(-19).
3
Let o(y) = -y**3 - 18*y**2 + 77*y + 286. Give o(-21).
-8
Let o(a) = 39*a - 336. What is o(8)?
-24
Let d(j) = -3*j**2 - 72*j - 485. Calculate d(-6).
-161
Let d(q) = -q**3 - 23*q**2 + 25*q + 26. Calculate d(-24).
2
Let b(w) = -68*w - 84. Give b(-5).
256
Let h(d) = 56*d**2 + 226*d. Give h(-4).
-8
Let u(x) = 21*x - 1061. Calculate u(51).
10
Let v(w) = 438*w - 24529. Determine v(56).
-1
Let g(l) = -2*l**2 + 73*l + 114. Calculate g(38).
0
Let t(h) = h**3 - 2*h**2 + 26*h + 188. Give t(0).
188
Let u(r) = -1224*r - 3670. Give u(-3).
2
Let m(b) = -3*b**3 + 159*b**2 - 2*b + 32. Give m(53).
-74
Let s(g) = 2*g**3 + 23*g**2 + 14*g + 5. Determine s(-11).
-28
Let o(b) = b**3 + 194*b**2 - 182*b + 2535. Calculate o(-195).
0
Let t(d) = d**2 - 1274*d - 20605. Give t(-16).
35
Let y(z) = 3*z**2 + 163*z + 2194. Calculate y(-29).
-10
Let t(s) = -s**3 - 34*s**2 - 24*s + 301. Calculate t(-33).
4
Let t(b) = b**2 + 2483*b + 17348. What is t(-7)?
16
Let b(l) = -7*l - 127. What is b(-16)?
-15
Let u(s) = -148*s + 857. Calculate u(6).
-31
Let l(o) = -7*o - 235. What is l(5)?
-270
Let w(x) = -x**3 + 7*x**2 - 1789*x + 14387. What is w(8)?
11
Let l(y) = 357*y + 25354. Calculate l(-71).
7
Let s(x) = 489*x - 131558. Determine s(269).
-17
Let q(i) = -2*i**2 - 35*i - 89. What is q(-3)?
-2
Let x(v) = 2*v**3 + 77*v**2 + 30*v - 316. Determine x(-38).
-12
Let s(v) = 20*v**2 - 1283*v + 184. Determine s(64).
-8
Let z(b) = -29*b**2 - 33*b - 1. Give z(-1).
3
Let i(p) = 4*p**2 + 6*p + 41. Give i(-4).
81
Let p(v) = v**3 + 142*v**2 + 18*v + 2585. What is p(-142)?
29
Let w(p) = -p**2 - 34*p - 187. Give w(-26).
21
Let v(z) = -149*z - 286. What is v(-2)?
12
Let z(s) = -231*s + 2768. Give z(12).
-4
Let k(c) = -21*c + 1706. Give k(84).
-58
Let a(r) = r**2 - 109*r - 1590. Calculate a(-13).
-4
Let q(z) = 4*z**2 + 20*z - 27. Determine q(10).
573
Let j(a) = -3*a**2 + 128*a - 429. Give j(39).
0
Let k(o) = 286*o + 3701. What is k(-13)?
-17
Let d(h) = -h**3 + 3*h**2 - 429*h + 1698. Determine d(4).
-34
Let w(n) = 52*n + 4607. What is w(-82)?
343
Let r(w) = -386*w - 775. Determine r(-3).
383
Let d(x) = -x**3 + 3*x**2 + 43*x - 13. What is d(0)?
-13
Let h(c) = -c**2 + 32*c - 9. Give h(6).
147
Let u(v) = -2*v**3 - 11*v**2 + 2*v - 5. What is u(-6)?
19
Let x(a) = a**2 - 8*a + 7. What is x(7)?
0
Let x(n) = 381*n + 1788. What is x(-7)?
-879
Let x(l) = 31*l**3 + l**2 + 96*l + 187. Calculate x(-2).
-249
Let m(u) = -159*u + 5729. Calculate m(36).
5
Let d(j) = -100*j - 1606. Calculate d(-16).
-6
Let d(x) = x**3 - 77*x**2 + 25*x - 1926. What is d(77)?
-1
Let u(k) = -5*k**2 + 25*k - 3. Give u(4).
17
Let i(j) = j**3 + 8*j**2 + 14*j. Determine i(-3).
3
Let m(c) = c**3 - 14*c**2 + 37*c. Give m(9).
-72
Let q(u) = -35*u + 1086. What is q(31)?
1
Let m(s) = 18*s**2 + 89*s - 13. What is m(-6)?
101
Let z(b) = b**2 - 282*b - 8670. What is z(-28)?
10
Let s(m) = m**3 + 6*m**2 - 76*m - 20. What is s(6)?
-44
Let t(n) = n**3 + 105*n**2 - 216*n - 218. Calculate t(-107).
-4
Let c(i) = 448*i + 9404. Calculate c(-21).
-4
Let o(b) = -b**2 + 38*b + 355. Give o(46).
-13
Let j(p) = 54*p**2 + 433*p + 4. Determine j(-8).
-4
Let k(w) = -w**3 - 26*w**2 - 89*w + 25. Determine k(-22).
47
Let a(w) = -3*w**3 + 25*w**2 + 10. What is a(8)?
74
Let w(b) = b**3 - 9*b**2 - 16*b - 13. Determine w(6).
-217
Let s(n) = n**3 - 211*n**2 + 7*n - 1479. Give s(211).
-2
Let w(d) = -d**3 - 26*d**2 - 164*d - 13. Determine w(-15).
-28
Let p(c) = -35*c**2 - 283*c - 5. Give p(-8).
19
Let g(z) = 2*z**3 + 17*z + 16. What is g(-1)?
-3
Let o(y) = -2*y**3 + 11*y**2 + 5*y + 46. What is o(6)?
40
Let z(u) = 110*u + 28. Calculate z(0).
28
Let i(m) = m**3 + 29*m**2 - 81*m - 2345. Give i(-29).
4
Let a(g) = -6*g - 304. Determine a(-49).
-10
Let g(m) = -m**2 - 66*m - 437. What is g(-59)?
-24
Let q(m) = -13*m - 924. Calculate q(-66).
-66
Let t(g) = -1481*g - 1479. What is t(-1)?
2
Let h(t) = -t**3 + 3*t**2 - 51*t + 7. Give h(6).
-407
Let m(k) = -k**3 + 8*k**2 + 29*k - 20. Give m(10).
70
Let l(a) = a**2 + 11*a + 35. What is l(12)?
311
Let a(b) = b**2 + 26*b - 123. Calculate a(-24).
-171
Let b(y) = -33*y**2 + 455*y + 106. Determine b(14).
8
Let v(t) = -9*t**3 - 521*t**2 + 58*t - 34. Determine v(-58).
-34
Let i(h) = -h**3 + 103*h**2 + 319*h - 104. Calculate i(106).
2
Let y(p) = -1873*p + 1844. Determine y(1).
-29
Let l(y) = -y**3 - 19*y**2 - 5*y + 16. What is l(-18)?
-218
Let n(y) = -226*y**2 - 4065*y + 22. Determine n(-18).
-32
Let b(f) = 13*f**3 + 4*f**2 - 3*f - 13. Give b(-2).
-95
Let m(s) = 2*s**3 - 136*s**2 - 5*s + 339. Calculate m(68).
-1
Let k(v) = v**2 + 15*v + 39. Determine k(-12).
3
Let t(y) = -5*y**2 + 61*y - 10. What is t(14)?
-136
Let c(m) = 37*m - 334. Give c(9).
-1
Let g(p) = p**3 + 8*p**2 + 19*p + 113. Give g(-7).
29
Let x(v) = 96*v - 1238. Calculate x(13).
10
Let s(a) = -a**3 + 10*a**2 - 19*a + 44. What is s(5)?
74
Let q(g) = 11*g**2 - 324*g + 145. Give q(29).
0
Let s(b) = -118*b**3 - b**2 - 3*b + 3. What is s(1)?
-119
Let a(z) = -2612*z + 10461. Calculate a(4).
13
Let n(w) = -373*w + 120. What i